{"id":312,"date":"2019-02-10T15:48:38","date_gmt":"2019-02-10T15:48:38","guid":{"rendered":"https:\/\/multi-graf.com\/nouveautes\/?page_id=312"},"modified":"2019-03-03T22:38:45","modified_gmt":"2019-03-03T22:38:45","slug":"termes","status":"publish","type":"page","link":"https:\/\/multi-graf.com\/nouveautes\/recompenses\/termes\/","title":{"rendered":"Termes"},"content":{"rendered":"<p>\t\t\t\t<img decoding=\"async\" src=\"https:\/\/multi-graf.com\/nouveautes\/wp-content\/uploads\/2019\/02\/recompenses2-1.svg\" alt=\"\" itemprop=\"image\"  \/><\/p>\n<h2><strong>Termes et conditions<\/strong><\/h2>\n<p>Parce que chaque dollar vaut son pesant d\u2019or\u2026<\/p>\n<p>Le programme de r\u00e9compenses Multi-Graf vise \u00e0 r\u00e9compenser notre client\u00e8le fid\u00e8le \u00e0 nos services.\u00a0 B\u00e9n\u00e9ficiez de rabais int\u00e9ressants par l\u2019accumulation de points en fonction de vos commandes effectu\u00e9es chez Multi-Graf.\u00a0 Un retour sur investissement payant !<\/p>\n<p>Chaque dollar d\u00e9pens\u00e9 vous donne ainsi droit \u00e0 1.5 points. 100 points accumul\u00e9s vous donne droit \u00e0 1 dollar de rabais lors d\u2019une prochaine commande. \u00a0Ceci \u00e9quivaut \u00e0 une remise int\u00e9ressante de 1.5% sur tous vos achats avant taxes.<\/p>\n<p>&nbsp;<\/p>\n<p><strong>1$ = 1.5 points<\/strong><\/p>\n<p><strong>100 points = 1$<\/strong><\/p>\n<p>&nbsp;<\/p>\n<h3><strong><u>Restrictions :<\/u><\/strong><\/h3>\n<p>Lorsque vous \u00e9changez vos points, ceux-ci doivent \u00eatre utilis\u00e9s en entier.<\/p>\n<p>Bien que vous accumuliez des points sur vos services web, ceux-ci ne ne peuvent \u00eatre utilis\u00e9s pour le renouvellement de vos services ou contrats mensuels.<\/p>\n<p>Aucune valeur mon\u00e9taire.<\/p>\n<p>Multi-Graf se r\u00e9serve le droit de modifier le programme ou d\u2019y mettre fin en tout temps<strong>; <\/strong>un pr\u00e9avis vous sera donn\u00e9.<\/p>\n<p>Pour consulter les termes en vigueur, visitez notre page web : <a href=\"https:\/\/multi-graf.com\/nouveautes\/recompenses\/termes\">https:\/\/multi-graf.com\/nouveautes\/recompenses\/termes<\/a><\/p>\n<p>En cas d&#8217;erreur sur la comptabilisation des points, Multi-Graf se r\u00e9serve le droit\u00a0de faire les modifications n\u00e9cessaires et d&#8217;ajuster votre compte. Multi-Graf se r\u00e9serve le droit de ne pas attribuer de points sur certaines commandes soumissionn\u00e9es.<\/p>\n<p>En vous inscrivant \u00e0 notre programme, vous acceptez de recevoir de l\u2019information occasionnelle par courriel<strong>.<\/strong> Multi-Graf s\u2019engage \u00e0 ne pas partager vos informations.<\/p>\n<h2><strong>Terms and conditions<\/strong><\/h2>\n<p>Because every dollar is worth its weight in gold &#8230;<br \/>\nThe Multi-Graf Loyalty Program aims to reward our loyal customers for our services. Take advantage of attractive discounts by accumulating points according to your orders made at Multi-Graf. A return on investment that is worth it!<\/p>\n<p>&nbsp;<\/p>\n<p>Every dollar spent gives you 1.5 points. 100 points earned gives you 1 dollar discount on next order. This equates to an interesting 1.5% discount on all your purchases before taxes.<\/p>\n<p>&nbsp;<\/p>\n<p><strong>1 $ = 1.5 points<\/strong><\/p>\n<p><strong>100 points = $ 1<\/strong><\/p>\n<p>&nbsp;<\/p>\n<h3><strong>Restrictions<\/strong><\/h3>\n<p>When redeeming your points, these must be used in full.<\/p>\n<p>You accumulate points on your web services but the points cannot be used for the renewal of your services and monthly contract.<\/p>\n<p>No monetary value.<\/p>\n<p>Multi-Graf reserves the right to modify the program or to terminate it at any time; notice will be given to you. To consult the current terms, visit our web page: <a href=\"https:\/\/multi-graf.com\/nouveautes\/recompenses\/termes\">https:\/\/multi-graf.com\/nouveautes\/recompenses\/termes<\/a><\/p>\n<p>In the event of an error on the total of points, Multi-Graf reserves the right to make the necessary modifications and adjust your account. Multi-Graf reserves the right to not award points on certain orders made from quotation.<\/p>\n<p>By subscribing to our program, you agree to receive occasional information by email, Multi-Graf agrees not to share your information.<\/p>\n<p><em>Mars 2019 &#8211; V. 1.0.1<\/em><\/p>\n","protected":false},"excerpt":{"rendered":"<p>Termes et conditions Parce que chaque dollar vaut son pesant d\u2019or\u2026 Le programme de r\u00e9compenses Multi-Graf vise \u00e0 r\u00e9compenser notre client\u00e8le fid\u00e8le \u00e0 nos services.\u00a0 B\u00e9n\u00e9ficiez de rabais int\u00e9ressants par l\u2019accumulation de points en fonction de vos commandes effectu\u00e9es chez Multi-Graf.\u00a0 Un retour sur investissement payant ! Chaque dollar d\u00e9pens\u00e9 vous donne ainsi droit \u00e0&hellip;<\/p>\n","protected":false},"author":2,"featured_media":0,"parent":294,"menu_order":0,"comment_status":"closed","ping_status":"closed","template":"tpl-no-header-footer.php","meta":{"footnotes":""},"brizy_attachment_focal_point":"","brizy_media":[],"_links":{"self":[{"href":"https:\/\/multi-graf.com\/nouveautes\/wp-json\/wp\/v2\/pages\/312"}],"collection":[{"href":"https:\/\/multi-graf.com\/nouveautes\/wp-json\/wp\/v2\/pages"}],"about":[{"href":"https:\/\/multi-graf.com\/nouveautes\/wp-json\/wp\/v2\/types\/page"}],"author":[{"embeddable":true,"href":"https:\/\/multi-graf.com\/nouveautes\/wp-json\/wp\/v2\/users\/2"}],"replies":[{"embeddable":true,"href":"https:\/\/multi-graf.com\/nouveautes\/wp-json\/wp\/v2\/comments?post=312"}],"version-history":[{"count":14,"href":"https:\/\/multi-graf.com\/nouveautes\/wp-json\/wp\/v2\/pages\/312\/revisions"}],"predecessor-version":[{"id":379,"href":"https:\/\/multi-graf.com\/nouveautes\/wp-json\/wp\/v2\/pages\/312\/revisions\/379"}],"up":[{"embeddable":true,"href":"https:\/\/multi-graf.com\/nouveautes\/wp-json\/wp\/v2\/pages\/294"}],"wp:attachment":[{"href":"https:\/\/multi-graf.com\/nouveautes\/wp-json\/wp\/v2\/media?parent=312"}],"curies":[{"name":"wp","href":"https:\/\/api.w.org\/{rel}","templated":true}]}}